{"id":10428,"date":"2024-12-14T19:15:36","date_gmt":"2024-12-14T18:15:36","guid":{"rendered":"http:\/\/www.schulemieste.de\/?page_id=10428"},"modified":"2025-08-22T12:08:46","modified_gmt":"2025-08-22T10:08:46","slug":"unsere-schulsozialarbeiterin","status":"publish","type":"page","link":"http:\/\/www.schulemieste.de\/?page_id=10428","title":{"rendered":"Unsere Schulsozialarbeiterin"},"content":{"rendered":"<h1><span style=\"color: #800080;\">Saskia Friese<\/span><\/h1>\n<p><em>E-Mail:<\/em> \u00a0\u00a0 \u00a0<a href=\"mailto:friese@jfz-ga.de\">friese@jfz-ga.de<\/a><\/p>\n<p><em>Handy: \u00a0 \u00a0<\/em> 0176 17846559<\/p>\n<p><em>Raum: \u00a0 \u00a0 \u00a0<\/em> 124<\/p>\n<hr \/>\n<p><img loading=\"lazy\" class=\"alignnone size-full wp-image-10431\" src=\"http:\/\/www.schulemieste.de\/wp-content\/uploads\/2024\/12\/Flyer_Homepage.jpg\" alt=\"\" width=\"1414\" height=\"2000\" srcset=\"http:\/\/www.schulemieste.de\/wp-content\/uploads\/2024\/12\/Flyer_Homepage.jpg 1414w, http:\/\/www.schulemieste.de\/wp-content\/uploads\/2024\/12\/Flyer_Homepage-212x300.jpg 212w, http:\/\/www.schulemieste.de\/wp-content\/uploads\/2024\/12\/Flyer_Homepage-724x1024.jpg 724w, http:\/\/www.schulemieste.de\/wp-content\/uploads\/2024\/12\/Flyer_Homepage-768x1086.jpg 768w, http:\/\/www.schulemieste.de\/wp-content\/uploads\/2024\/12\/Flyer_Homepage-1086x1536.jpg 1086w\" sizes=\"(max-width: 1414px) 100vw, 1414px\" \/><\/p>\n\n\n<p><\/p>\n\n\n\n<p>Liebe Sch\u00fclerinnen und Sch\u00fcler,<\/p>\n\n\n\n<p>als Schulsozialarbeiterin bin ich f\u00fcr euch da, wenn es um mehr als nur den Unterricht geht. Ob ihr Unterst\u00fctzung bei pers\u00f6nlichen Herausforderungen braucht, Konflikte in der Schule oder im Freundeskreis habt oder einfach jemanden zum Reden sucht \u2013 meine T\u00fcr steht offen. Mein Ziel ist es, euch in schwierigen Situationen zu begleiten und zusammen L\u00f6sungen zu finden, die euch dabei helfen, mit den Herausforderungen des Alltags besser umzugehen.<\/p>\n\n\n\n<p>Daher biete ich euch Einzel- und Gruppenberatungen in einem sicheren Raum an, in dem ihr euch ohne Angst vor Bewertungen oder Konsequenzen \u00f6ffnen k\u00f6nnt. Auch Eltern und Lehrkr\u00e4ften stehe ich f\u00fcr Beratungen zur Verf\u00fcgung, um gemeinsam eine gute Unterst\u00fctzung f\u00fcr euch zu schaffen.<\/p>\n\n\n\n<p>Dar\u00fcber hinaus organisiere ich auch Ferienfreizeiten, Arbeitsgemeinschaften, Soziale Klassenstunden und andere Projekte, um u. a. das Miteinander in der Schule zu st\u00e4rken und den Zusammenhalt zu f\u00f6rdern. Dabei geht es darum, eure eigenen St\u00e4rken zu entdecken und ein positives Schulumfeld mitzugestalten.<\/p>\n\n\n\n<p>Ich freue mich darauf, euren Weg zu begleiten!<\/p>\n\n\n\n<p>Eure Schulsozialarbeiterin,<\/p>\n\n\n\n<p>Saskia Friese<\/p>\n\n\n\n<p><\/p>\n\n\n<p><em>PS<\/em>: Falls ihr au\u00dferhalb meiner Sprechzeiten oder an Wochenenden Unterst\u00fctzung braucht, k\u00f6nnt ihr euch auch jederzeit anonym an die <b>Nummer gegen Kummer <\/b>wenden:<\/p>\n<p><img loading=\"lazy\" class=\"alignnone size-full wp-image-10432\" src=\"http:\/\/www.schulemieste.de\/wp-content\/uploads\/2024\/12\/Nummer-gegen-Kummer.jpg\" alt=\"\" width=\"575\" height=\"773\" srcset=\"http:\/\/www.schulemieste.de\/wp-content\/uploads\/2024\/12\/Nummer-gegen-Kummer.jpg 575w, http:\/\/www.schulemieste.de\/wp-content\/uploads\/2024\/12\/Nummer-gegen-Kummer-223x300.jpg 223w\" sizes=\"(max-width: 575px) 100vw, 575px\" \/><\/p>\n<p><\/p>\n<p><strong>Gef\u00f6rdert von:<\/strong><\/p>\n<p><img loading=\"lazy\" class=\"alignnone size-full wp-image-10433\" src=\"http:\/\/www.schulemieste.de\/wp-content\/uploads\/2024\/12\/Foerderung.jpg\" alt=\"\" width=\"1387\" height=\"288\" srcset=\"http:\/\/www.schulemieste.de\/wp-content\/uploads\/2024\/12\/Foerderung.jpg 1387w, http:\/\/www.schulemieste.de\/wp-content\/uploads\/2024\/12\/Foerderung-300x62.jpg 300w, http:\/\/www.schulemieste.de\/wp-content\/uploads\/2024\/12\/Foerderung-1024x213.jpg 1024w, http:\/\/www.schulemieste.de\/wp-content\/uploads\/2024\/12\/Foerderung-768x159.jpg 768w\" sizes=\"(max-width: 1387px) 100vw, 1387px\" \/><\/p>\n\n\n<p><\/p>\n","protected":false},"excerpt":{"rendered":"<p>Saskia Friese E-Mail: \u00a0\u00a0 \u00a0friese@jfz-ga.de Handy: \u00a0 \u00a0 0176 17846559 Raum: \u00a0 \u00a0 \u00a0 124 Liebe Sch\u00fclerinnen und Sch\u00fcler, als Schulsozialarbeiterin bin ich f\u00fcr euch da, wenn es um mehr als nur den Unterricht geht. Ob ihr Unterst\u00fctzung bei pers\u00f6nlichen Herausforderungen braucht, Konflikte in der Schule oder im Freundeskreis habt oder einfach jemanden zum Reden &hellip; <a href=\"http:\/\/www.schulemieste.de\/?page_id=10428\" class=\"more-link\"><span class=\"screen-reader-text\">Unsere Schulsozialarbeiterin<\/span> weiterlesen <span class=\"meta-nav\">&rarr;<\/span><\/a><\/p>\n","protected":false},"author":1,"featured_media":0,"parent":9747,"menu_order":0,"comment_status":"closed","ping_status":"closed","template":"","meta":[],"_links":{"self":[{"href":"http:\/\/www.schulemieste.de\/index.php?rest_route=\/wp\/v2\/pages\/10428"}],"collection":[{"href":"http:\/\/www.schulemieste.de\/index.php?rest_route=\/wp\/v2\/pages"}],"about":[{"href":"http:\/\/www.schulemieste.de\/index.php?rest_route=\/wp\/v2\/types\/page"}],"author":[{"embeddable":true,"href":"http:\/\/www.schulemieste.de\/index.php?rest_route=\/wp\/v2\/users\/1"}],"replies":[{"embeddable":true,"href":"http:\/\/www.schulemieste.de\/index.php?rest_route=%2Fwp%2Fv2%2Fcomments&post=10428"}],"version-history":[{"count":16,"href":"http:\/\/www.schulemieste.de\/index.php?rest_route=\/wp\/v2\/pages\/10428\/revisions"}],"predecessor-version":[{"id":11713,"href":"http:\/\/www.schulemieste.de\/index.php?rest_route=\/wp\/v2\/pages\/10428\/revisions\/11713"}],"up":[{"embeddable":true,"href":"http:\/\/www.schulemieste.de\/index.php?rest_route=\/wp\/v2\/pages\/9747"}],"wp:attachment":[{"href":"http:\/\/www.schulemieste.de\/index.php?rest_route=%2Fwp%2Fv2%2Fmedia&parent=10428"}],"curies":[{"name":"wp","href":"https:\/\/api.w.org\/{rel}","templated":true}]}}